{"id":1936,"date":"2020-02-28T09:37:09","date_gmt":"2020-02-28T12:37:09","guid":{"rendered":"https:\/\/inscastelli-cha.infd.edu.ar\/sitio\/?page_id=1936"},"modified":"2021-11-12T11:07:40","modified_gmt":"2021-11-12T14:07:40","slug":"programa-de-estudio-del-profesorado-para-la-educacion-secundaria-en-lengua-y-literatura","status":"publish","type":"page","link":"https:\/\/inscastelli-cha.infd.edu.ar\/sitio\/programa-de-estudio-del-profesorado-para-la-educacion-secundaria-en-lengua-y-literatura\/","title":{"rendered":"Programa de Estudio del Profesorado para la Educaci\u00f3n Secundaria en Lengua y Literatura"},"content":{"rendered":"<h2><span style=\"color: #000080;\">Primero A\u00f1o<\/span><\/h2>\n<p>DE LA FORMACI\u00d3N GENERAL<\/p>\n<ul>\n<li>Pedagog\u00eda<\/li>\n<li><a href=\"https:\/\/inscastelli-cha.infd.edu.ar\/sitio\/wp-content\/uploads\/2021\/11\/plan-de-lengua-alf.-academica-2021-LISTO.doc\">Alfabetizaci\u00f3n Acad\u00e9mica<\/a><\/li>\n<li><a href=\"https:\/\/inscastelli-cha.infd.edu.ar\/sitio\/wp-content\/uploads\/2021\/11\/DCA-DIDACTICA-GENERAL-Elseser-Marlene-2.pdf\">Did\u00e1ctica General<\/a><\/li>\n<\/ul>\n<p>DE LA FORMACI\u00d3N ESPEC\u00cdFICA<\/p>\n<ul>\n<li><a href=\"https:\/\/inscastelli-cha.infd.edu.ar\/sitio\/wp-content\/uploads\/2021\/11\/PROGRAMA-DE-LITERATORA-CLASICA-I-nuevo-1.pdf\">Literatura Cl\u00e1sica I<\/a><\/li>\n<li><a href=\"https:\/\/inscastelli-cha.infd.edu.ar\/sitio\/wp-content\/uploads\/2021\/11\/PROGRAMA-DE-LITERATURA-CLASICA-II-nuevo-1.pdf\">Literatura Cl\u00e1sica II<\/a><\/li>\n<li><a href=\"https:\/\/inscastelli-cha.infd.edu.ar\/sitio\/wp-content\/uploads\/2021\/11\/PROGRAMA-INTRO_HRUZA_2021-1.pdf\">Introducci\u00f3n a la Literatura y Cr\u00edtica Literaria<\/a><\/li>\n<li><a href=\"https:\/\/inscastelli-cha.infd.edu.ar\/sitio\/wp-content\/uploads\/2021\/11\/PROGRAMA-LENGUA-I_HRUZA_2021-1.pdf\">Lengua<\/a><\/li>\n<li><a href=\"https:\/\/inscastelli-cha.infd.edu.ar\/sitio\/wp-content\/uploads\/2021\/11\/programa-sujeto-de-la-educacion.pdf\">Sujeto de la Educaci\u00f3n Secundaria<\/a><\/li>\n<\/ul>\n<p>DE LA FORMACI\u00d3N EN LA PR\u00c1CTICA PROFESIONAL<\/p>\n<ul>\n<li><a href=\"https:\/\/inscastelli-cha.infd.edu.ar\/sitio\/wp-content\/uploads\/2021\/11\/Practica-I-LENGUA2020PROGRAMA.docx\">Pr\u00e1ctica Docente I<\/a><\/li>\n<\/ul>\n<h2><span style=\"color: #000080;\">Segundo A\u00f1o<\/span><\/h2>\n<p>DE LA FORMACI\u00d3N GENERAL<\/p>\n<ul>\n<li>Psicolog\u00eda<\/li>\n<li><a href=\"https:\/\/inscastelli-cha.infd.edu.ar\/sitio\/wp-content\/uploads\/2021\/11\/PROGRAMA-de-Filosofia-Ferster-1.pdf\">Filosof\u00eda<\/a><\/li>\n<li><a href=\"https:\/\/inscastelli-cha.infd.edu.ar\/sitio\/wp-content\/uploads\/2021\/11\/TIC-en-Educacion-2021.pdf\">Tecnolog\u00eda de la Informaci\u00f3n y la Comunicaci\u00f3n en Educaci\u00f3n<\/a><\/li>\n<li>Culturas y Lenguas Originarias<\/li>\n<\/ul>\n<p>DE LA FORMACI\u00d3N ESPEC\u00cdFICA<\/p>\n<ul>\n<li><a href=\"https:\/\/inscastelli-cha.infd.edu.ar\/sitio\/wp-content\/uploads\/2021\/11\/PROGRAMA-DE-LITERATURA-COMPARADA-I-nuevo.pdf\">Literatura Comparada I<\/a><\/li>\n<li><a href=\"https:\/\/inscastelli-cha.infd.edu.ar\/sitio\/wp-content\/uploads\/2021\/11\/Programa-Analisis-del-Discurso.-1.pdf\">An\u00e1lisis del Discurso<\/a><\/li>\n<li><a href=\"https:\/\/inscastelli-cha.infd.edu.ar\/sitio\/wp-content\/uploads\/2021\/11\/LINGUISTICA-I-2021listo.pdf\">Ling\u00fc\u00edstica I<\/a><\/li>\n<li><a href=\"https:\/\/inscastelli-cha.infd.edu.ar\/sitio\/wp-content\/uploads\/2021\/11\/planificacion-LITERATURA-ARGENTINA-I-2021-1.pdf\">Literatura Argentina I<\/a><\/li>\n<li><a href=\"https:\/\/inscastelli-cha.infd.edu.ar\/sitio\/wp-content\/uploads\/2021\/11\/PROGRAMA_TALLER-DE-LE-Y-O_HRUZA2021-3.pdf\">Taller de Lectura, Escritura y Oralidad<\/a><\/li>\n<li><a href=\"https:\/\/inscastelli-cha.infd.edu.ar\/sitio\/wp-content\/uploads\/2021\/11\/PLANIFICACION-Manuelita-Lit-para-jovenes-2.pdf\">Literatura para Ni\u00f1os y J\u00f3venes<\/a><\/li>\n<\/ul>\n<p>DE LA FORMACI\u00d3N EN LA PR\u00c1CTICA PROFESIONAL<\/p>\n<ul>\n<li><a href=\"https:\/\/inscastelli-cha.infd.edu.ar\/sitio\/wp-content\/uploads\/2021\/11\/Programa-de-PP-II-2021-Ojeda-Sebastian.pdf\">Pr\u00e1ctica Docente II<\/a><\/li>\n<\/ul>\n<h2><span style=\"color: #000080;\">Tercer A\u00f1o<\/span><\/h2>\n<p>DE LA FORMACI\u00d3N GENERAL<\/p>\n<ul>\n<li><a href=\"https:\/\/inscastelli-cha.infd.edu.ar\/sitio\/wp-content\/uploads\/2021\/11\/Programa-de-Sociologia-de-la-Educacion-2021.docx\">Sociolog\u00eda de la Educaci\u00f3n<\/a><\/li>\n<li>Historia y Pol\u00edtica de la Educaci\u00f3n Latinoamericana, Argentina y Chaque\u00f1a<\/li>\n<\/ul>\n<p>DE LA FORMACI\u00d3N ESPEC\u00cdFICA<\/p>\n<ul>\n<li><a href=\"https:\/\/inscastelli-cha.infd.edu.ar\/sitio\/wp-content\/uploads\/2021\/11\/PROGRAMA-DE-LINGUISTICA-II-2021.pdf\">Ling\u00fc\u00edstica II<\/a><\/li>\n<li>Teor\u00eda Literaria<\/li>\n<li>Did\u00e1ctica de la Lengua<\/li>\n<li>Did\u00e1ctica de la Literatura<\/li>\n<li><a href=\"https:\/\/inscastelli-cha.infd.edu.ar\/sitio\/wp-content\/uploads\/2021\/11\/PROGRAMA-LITERATURA-COMPARADA-II-3.pdf\">Literatura Comparada II<\/a><\/li>\n<\/ul>\n<p>DE LA FORMACI\u00d3N EN LA PR\u00c1CTICA PROFESIONAL<\/p>\n<ul>\n<li><a href=\"https:\/\/inscastelli-cha.infd.edu.ar\/sitio\/wp-content\/uploads\/2021\/11\/PROGRAMA-DE-PRACTICA-DOCENTE-III-2021.pdf\">Pr\u00e1ctica Docente III<\/a><\/li>\n<\/ul>\n<h2><span style=\"color: #000080;\">Cuarto A\u00f1o<\/span><\/h2>\n<p>DE LA FORMACI\u00d3N GENERAL<\/p>\n<ul>\n<li>Formaci\u00f3n en Derechos Humanos, \u00c9tica y Ciudadan\u00eda<\/li>\n<\/ul>\n<p>DE LA FORMACI\u00d3N ESPEC\u00cdFICA<\/p>\n<ul>\n<li><a href=\"https:\/\/inscastelli-cha.infd.edu.ar\/sitio\/wp-content\/uploads\/2021\/11\/PROGRAMA-LINGUISTICA-III-2021-1.pdf\">Ling\u00fc\u00edstica III<\/a><\/li>\n<li><a href=\"https:\/\/inscastelli-cha.infd.edu.ar\/sitio\/wp-content\/uploads\/2021\/11\/PROGRAMA-DE-LITERATUIRA-LATINOAMERICANA-nuevo-1.docx\">Literatura Latinoamericana<\/a><\/li>\n<li><a href=\"https:\/\/inscastelli-cha.infd.edu.ar\/sitio\/wp-content\/uploads\/2021\/11\/DISENO-Semiotica-y-otros-discursos-sociales.docx\">Semi\u00f3tica<\/a><\/li>\n<\/ul>\n<p>DE LA FORMACI\u00d3N EN LA PR\u00c1CTICA PROFESIONAL<\/p>\n<ul>\n<li><a href=\"https:\/\/inscastelli-cha.infd.edu.ar\/sitio\/wp-content\/uploads\/2021\/11\/PROGRAMA-RESIDENCIA-PEDAGOGICA.pdf\">Residencia Pedag\u00f3gica<\/a><\/li>\n<\/ul>\n","protected":false},"excerpt":{"rendered":"<p>Primero A\u00f1o DE LA FORMACI\u00d3N GENERAL Pedagog\u00eda Alfabetizaci\u00f3n Acad\u00e9mica Did\u00e1ctica General DE LA FORMACI\u00d3N ESPEC\u00cdFICA Literatura Cl\u00e1sica I Literatura Cl\u00e1sica II Introducci\u00f3n a la Literatura y Cr\u00edtica Literaria Lengua Sujeto de la Educaci\u00f3n Secundaria DE LA FORMACI\u00d3N EN LA PR\u00c1CTICA PROFESIONAL Pr\u00e1ctica Docente I Segundo A\u00f1o DE LA FORMACI\u00d3N GENERAL Psicolog\u00eda Filosof\u00eda Tecnolog\u00eda de la &#8230; <a title=\"Programa de Estudio del Profesorado para la Educaci\u00f3n Secundaria en Lengua y Literatura\" class=\"read-more\" href=\"https:\/\/inscastelli-cha.infd.edu.ar\/sitio\/programa-de-estudio-del-profesorado-para-la-educacion-secundaria-en-lengua-y-literatura\/\" aria-label=\"More on Programa de Estudio del Profesorado para la Educaci\u00f3n Secundaria en Lengua y Literatura\">[+]<\/a><\/p>\n","protected":false},"author":480,"featured_media":0,"parent":0,"menu_order":0,"comment_status":"closed","ping_status":"closed","template":"","meta":[],"acf":[],"_links":{"self":[{"href":"https:\/\/inscastelli-cha.infd.edu.ar\/sitio\/wp-json\/wp\/v2\/pages\/1936"}],"collection":[{"href":"https:\/\/inscastelli-cha.infd.edu.ar\/sitio\/wp-json\/wp\/v2\/pages"}],"about":[{"href":"https:\/\/inscastelli-cha.infd.edu.ar\/sitio\/wp-json\/wp\/v2\/types\/page"}],"author":[{"embeddable":true,"href":"https:\/\/inscastelli-cha.infd.edu.ar\/sitio\/wp-json\/wp\/v2\/users\/480"}],"replies":[{"embeddable":true,"href":"https:\/\/inscastelli-cha.infd.edu.ar\/sitio\/wp-json\/wp\/v2\/comments?post=1936"}],"version-history":[{"count":12,"href":"https:\/\/inscastelli-cha.infd.edu.ar\/sitio\/wp-json\/wp\/v2\/pages\/1936\/revisions"}],"predecessor-version":[{"id":3206,"href":"https:\/\/inscastelli-cha.infd.edu.ar\/sitio\/wp-json\/wp\/v2\/pages\/1936\/revisions\/3206"}],"wp:attachment":[{"href":"https:\/\/inscastelli-cha.infd.edu.ar\/sitio\/wp-json\/wp\/v2\/media?parent=1936"}],"curies":[{"name":"wp","href":"https:\/\/api.w.org\/{rel}","templated":true}]}}