{"id":781,"date":"2018-07-03T12:43:34","date_gmt":"2018-07-03T15:43:34","guid":{"rendered":"https:\/\/inscastelli-cha.infd.edu.ar\/sitio\/profesorado-para-la-educacion-secundaria-en-lengua-y-literatura\/"},"modified":"2026-03-30T10:43:11","modified_gmt":"2026-03-30T13:43:11","slug":"profesorado-para-la-educacion-secundaria-en-lengua-y-literatura","status":"publish","type":"page","link":"https:\/\/inscastelli-cha.infd.edu.ar\/sitio\/profesorado-para-la-educacion-secundaria-en-lengua-y-literatura\/","title":{"rendered":"Profesorado de Educaci\u00f3n Secundaria en Lengua y Literatura"},"content":{"rendered":"<p><img decoding=\"async\" loading=\"lazy\" class=\"wp-image-1404 aligncenter\" src=\"https:\/\/inscastelli-cha.infd.edu.ar\/sitio\/wp-content\/uploads\/2019\/04\/Portada-Lengua-949x1000.jpg\" alt=\"\" width=\"554\" height=\"584\" srcset=\"https:\/\/inscastelli-cha.infd.edu.ar\/sitio\/wp-content\/uploads\/2019\/04\/Portada-Lengua-949x1000.jpg 949w, https:\/\/inscastelli-cha.infd.edu.ar\/sitio\/wp-content\/uploads\/2019\/04\/Portada-Lengua-768x810.jpg 768w, https:\/\/inscastelli-cha.infd.edu.ar\/sitio\/wp-content\/uploads\/2019\/04\/Portada-Lengua.jpg 1110w\" sizes=\"(max-width: 554px) 100vw, 554px\" \/><\/p>\n<h5 style=\"text-align: center;\"><a href=\"https:\/\/www.instagram.com\/reel\/DOwcb5aAZaU\/?igsh=bWNnNXA1cXp4a29q\" target=\"_blank\" rel=\"noopener\"><strong>\u00bfPor qu\u00e9 estudiar este profesorado?<\/strong><\/a><\/h5>\n<p style=\"text-align: center;\"><span style=\"color: #000000;\"><span style=\"text-decoration: underline;\"><span style=\"font-size: 12pt;\" data-mce-mark=\"1\"><strong><span style=\"font-size: 12pt;\" data-mce-mark=\"1\"><strong>INGRESO 2026 <\/strong><\/span><\/strong><\/span><\/span><span style=\"font-size: 12pt;\"><strong><span style=\"text-decoration: underline;\">TALLER PROPED\u00c9UTICO <\/span><\/strong><\/span><\/span><span style=\"font-size: 12pt;\"><strong>Inicio 06 de Abril<\/strong><\/span><\/p>\n<h5 style=\"text-align: center;\"><span style=\"font-size: 12pt;\">(<\/span><span style=\"font-size: 12pt;\">Hacer clic en el enlace para descargar)<\/span><\/h5>\n<h2 style=\"text-align: center;\"><a href=\"https:\/\/drive.google.com\/file\/d\/1RdXKzwmJGka43RqJ-wy2vjlxRXmm35_E\/view?usp=sharing\" target=\"_blank\" rel=\"noopener\"><span style=\"font-size: 16px;\"><strong>CUADERNILLO PROPED\u00c9UTICO 2026<\/strong><\/span><\/a><\/h2>\n<h5 style=\"text-align: center;\"><a href=\"https:\/\/inscastelli-cha.infd.edu.ar\/sitio\/wp-content\/uploads\/2021\/11\/LENGUA-RESOLUCION-07608-14-2015.pdf\">Plan de Estudio<\/a><span style=\"color: #000080;\"><strong>\u00a0<\/strong><\/span><\/h5>\n<p style=\"text-align: center;\"><span style=\"font-size: 12pt; color: #ff0000;\"><strong><span style=\"text-decoration: underline;\">REQUISITOS DE APROBACI\u00d3N DEL TALLER PROP\u00c9DEUTICO<\/span><\/strong><\/span><\/p>\n<p style=\"text-align: center;\"><span style=\"font-size: 12pt;\">El cursante debe poseer el <span style=\"color: #ff0000;\">80%<\/span> de asistencia con el <span style=\"color: #ff0000;\">100%<\/span> de los trabajos presentados.<\/span><\/p>\n<p style=\"text-align: center;\">\u00a0<\/p>\n\n\n<p><\/p>\n","protected":false},"excerpt":{"rendered":"<p>\u00bfPor qu\u00e9 estudiar este profesorado? INGRESO 2026 TALLER PROPED\u00c9UTICO Inicio 06 de Abril (Hacer clic en el enlace para descargar) CUADERNILLO PROPED\u00c9UTICO 2026 Plan de Estudio\u00a0 REQUISITOS DE APROBACI\u00d3N DEL TALLER PROP\u00c9DEUTICO El cursante debe poseer el 80% de asistencia con el 100% de los trabajos presentados. \u00a0<\/p>\n","protected":false},"author":283,"featured_media":0,"parent":0,"menu_order":0,"comment_status":"closed","ping_status":"closed","template":"","meta":[],"acf":[],"_links":{"self":[{"href":"https:\/\/inscastelli-cha.infd.edu.ar\/sitio\/wp-json\/wp\/v2\/pages\/781"}],"collection":[{"href":"https:\/\/inscastelli-cha.infd.edu.ar\/sitio\/wp-json\/wp\/v2\/pages"}],"about":[{"href":"https:\/\/inscastelli-cha.infd.edu.ar\/sitio\/wp-json\/wp\/v2\/types\/page"}],"author":[{"embeddable":true,"href":"https:\/\/inscastelli-cha.infd.edu.ar\/sitio\/wp-json\/wp\/v2\/users\/283"}],"replies":[{"embeddable":true,"href":"https:\/\/inscastelli-cha.infd.edu.ar\/sitio\/wp-json\/wp\/v2\/comments?post=781"}],"version-history":[{"count":25,"href":"https:\/\/inscastelli-cha.infd.edu.ar\/sitio\/wp-json\/wp\/v2\/pages\/781\/revisions"}],"predecessor-version":[{"id":5232,"href":"https:\/\/inscastelli-cha.infd.edu.ar\/sitio\/wp-json\/wp\/v2\/pages\/781\/revisions\/5232"}],"wp:attachment":[{"href":"https:\/\/inscastelli-cha.infd.edu.ar\/sitio\/wp-json\/wp\/v2\/media?parent=781"}],"curies":[{"name":"wp","href":"https:\/\/api.w.org\/{rel}","templated":true}]}}