{"id":787,"date":"2018-07-03T12:43:36","date_gmt":"2018-07-03T15:43:36","guid":{"rendered":"https:\/\/inscastelli-cha.infd.edu.ar\/sitio\/profesorado-para-la-educacion-especial\/"},"modified":"2026-03-30T10:46:24","modified_gmt":"2026-03-30T13:46:24","slug":"profesorado-para-la-educacion-especial","status":"publish","type":"page","link":"https:\/\/inscastelli-cha.infd.edu.ar\/sitio\/profesorado-para-la-educacion-especial\/","title":{"rendered":"Profesorado de Educaci\u00f3n Especial"},"content":{"rendered":"<p style=\"text-align: center;\"><img decoding=\"async\" loading=\"lazy\" class=\"\" src=\"https:\/\/inscastelli-cha.infd.edu.ar\/sitio\/wp-content\/uploads\/2018\/07\/Fzo9AzTFQf25imagen_incrustada1.jpg\" alt=\"Resultado de imagen para prof de educaci\u00f3n especial\" width=\"284\" height=\"212\" border=\"0\" \/>\u00a0<img decoding=\"async\" loading=\"lazy\" class=\"alignnone wp-image-1348\" src=\"https:\/\/inscastelli-cha.infd.edu.ar\/sitio\/wp-content\/uploads\/2019\/04\/resize_1456863690.jpg\" alt=\"\" width=\"362\" height=\"210\" \/><img decoding=\"async\" loading=\"lazy\" class=\"alignnone wp-image-1347\" src=\"https:\/\/inscastelli-cha.infd.edu.ar\/sitio\/wp-content\/uploads\/2019\/04\/prof-esp.jpg\" alt=\"\" width=\"344\" height=\"210\" \/><\/p>\n<p style=\"text-align: center;\">Enlaces para descargar<\/p>\n<h3 style=\"text-align: center;\"><a href=\"https:\/\/inscastelli-cha.infd.edu.ar\/sitio\/wp-content\/uploads\/2023\/03\/PE-ESPECIAL-RESOLUCION-07629-14-2015.pdf\">PLAN DE ESTUDIO<\/a><\/h3>\n<h4 style=\"text-align: center;\"><a href=\"https:\/\/drive.google.com\/file\/d\/1in2yzX_whOMXhavobjPzGnNVJ2Pz79-_\/view?usp=sharing\" target=\"_blank\" rel=\"noopener\">CUADERNILLO\/CARTILLA PROPED\u00c9UTICO 2026<\/a><\/h4>\n<p style=\"text-align: center;\"><span style=\"text-decoration: underline;\"><span style=\"font-size: 12pt; color: #ff0000; text-decoration: underline; background-color: #ffffff;\"><strong>Taller de Ingreso 2026 <\/strong><\/span><\/span><span style=\"font-size: 12pt;\"><span style=\"font-size: 16px;\"><b>Inicio 06 de Abril<\/b><\/span><\/span><\/p>\n<p style=\"text-align: center;\"><span style=\"font-size: 12pt;\"><strong><span style=\"text-decoration: underline;\">REQUISITOS DE APROBACI\u00d3N DEL TALLER PROP\u00c9DEUTICO<\/span><\/strong><\/span><\/p>\n<p style=\"text-align: center;\"><span style=\"font-size: 12pt; color: #000000;\"><span style=\"background-color: #ffffff;\">El cursante debe poseer el <span style=\"color: #000080;\">80%<\/span> de asistencia con el<span style=\"color: #000080;\"> 100%<\/span> de los trabajos presentados<\/span><\/span><\/p>\n<p style=\"text-align: center;\"><span style=\"font-size: 12pt; color: #000000;\">\u00a0<\/span><\/p>\n<p><span style=\"font-size: 12pt; color: #000000;\">\u00a0<\/span><\/p>\n","protected":false},"excerpt":{"rendered":"<p>\u00a0 Enlaces para descargar PLAN DE ESTUDIO CUADERNILLO\/CARTILLA PROPED\u00c9UTICO 2026 Taller de Ingreso 2026 Inicio 06 de Abril REQUISITOS DE APROBACI\u00d3N DEL TALLER PROP\u00c9DEUTICO El cursante debe poseer el 80% de asistencia con el 100% de los trabajos presentados \u00a0 \u00a0<\/p>\n","protected":false},"author":283,"featured_media":0,"parent":0,"menu_order":0,"comment_status":"closed","ping_status":"closed","template":"","meta":[],"acf":[],"_links":{"self":[{"href":"https:\/\/inscastelli-cha.infd.edu.ar\/sitio\/wp-json\/wp\/v2\/pages\/787"}],"collection":[{"href":"https:\/\/inscastelli-cha.infd.edu.ar\/sitio\/wp-json\/wp\/v2\/pages"}],"about":[{"href":"https:\/\/inscastelli-cha.infd.edu.ar\/sitio\/wp-json\/wp\/v2\/types\/page"}],"author":[{"embeddable":true,"href":"https:\/\/inscastelli-cha.infd.edu.ar\/sitio\/wp-json\/wp\/v2\/users\/283"}],"replies":[{"embeddable":true,"href":"https:\/\/inscastelli-cha.infd.edu.ar\/sitio\/wp-json\/wp\/v2\/comments?post=787"}],"version-history":[{"count":29,"href":"https:\/\/inscastelli-cha.infd.edu.ar\/sitio\/wp-json\/wp\/v2\/pages\/787\/revisions"}],"predecessor-version":[{"id":5237,"href":"https:\/\/inscastelli-cha.infd.edu.ar\/sitio\/wp-json\/wp\/v2\/pages\/787\/revisions\/5237"}],"wp:attachment":[{"href":"https:\/\/inscastelli-cha.infd.edu.ar\/sitio\/wp-json\/wp\/v2\/media?parent=787"}],"curies":[{"name":"wp","href":"https:\/\/api.w.org\/{rel}","templated":true}]}}