{"id":793,"date":"2018-07-03T12:43:38","date_gmt":"2018-07-03T15:43:38","guid":{"rendered":"https:\/\/inscastelli-cha.infd.edu.ar\/sitio\/profesorado-para-la-educacion-superior-en-educacion-fisica\/"},"modified":"2026-03-30T10:46:09","modified_gmt":"2026-03-30T13:46:09","slug":"profesorado-para-la-educacion-superior-en-educacion-fisica","status":"publish","type":"page","link":"https:\/\/inscastelli-cha.infd.edu.ar\/sitio\/profesorado-para-la-educacion-superior-en-educacion-fisica\/","title":{"rendered":"Profesorado de Educaci\u00f3n Superior en Educaci\u00f3n F\u00edsica"},"content":{"rendered":"<p style=\"text-align: left;\"><span style=\"font-family: arial, helvetica, sans-serif; font-size: 12pt;\"><strong>\u00a0<img decoding=\"async\" loading=\"lazy\" class=\"alignnone size-full wp-image-1254 aligncenter\" src=\"https:\/\/inscastelli-cha.infd.edu.ar\/sitio\/wp-content\/uploads\/2019\/03\/Educacion.png\" alt=\"\" width=\"650\" height=\"305\" \/><\/strong><\/span><\/p>\n<p style=\"text-align: left;\"><span style=\"font-family: arial, helvetica, sans-serif; font-size: 12pt;\"><strong>\u00a0 \u00a0 \u00a0 \u00a0 \u00a0 \u00a0 \u00a0 \u00a0 \u00a0 \u00a0 \u00a0 \u00a0 \u00a0 \u00a0 \u00a0 \u00a0 \u00a0<\/strong><\/span><\/p>\n<p style=\"text-align: center;\"><span style=\"font-family: arial, helvetica, sans-serif; font-size: 12pt;\"><strong><a title=\"SUPLENTES -TM 2016\" href=\"upload\/SUPLENTES_TM-MARZO16.pdf\" target=\"_blank\" rel=\"noopener\">\u00a0<\/a><\/strong><\/span><\/p>\n<p style=\"text-align: left;\"><span style=\"font-family: arial, helvetica, sans-serif; font-size: 12pt;\"><strong>\u00a0 \u00a0 \u00a0____________________________________________________<\/strong><\/span><\/p>\n<h1 style=\"text-align: center;\"><span style=\"font-family: arial, helvetica, sans-serif; font-size: 12pt; color: #333399;\"><strong>REQUISITOS PARA LA INSCRIPCI\u00d3N-INGRESANTES<\/strong><\/span><\/h1>\n<p><span style=\"font-family: arial, helvetica, sans-serif; font-size: 12pt;\">\u201cSe ha establecido en el a\u00f1o 2019, que el cupo de ingresantes a primer a\u00f1o de la carrera del Profesorado Superior de Educaci\u00f3n F\u00edsica, ser\u00e1 estrictamente acorde a la capacidad operativa de la Instituci\u00f3n, en lo que respecta a los recursos humanos, tecnol\u00f3gicos e infraestructura\u201d.<\/span><\/p>\n<p><span style=\"font-family: arial, helvetica, sans-serif; font-size: 12pt;\"><strong>Tendr\u00e1n derecho a rendir el examen de ingreso la totalidad de aspirantes que presenten en tiempo y forma toda la documentaci\u00f3n requerida a continuaci\u00f3n:<\/strong><\/span><\/p>\n<p><span style=\"font-family: arial, helvetica, sans-serif; font-size: 12pt;\">1.Carpeta colgante.<\/span><\/p>\n<p><span style=\"font-family: arial, helvetica, sans-serif; font-size: 12pt;\">2.Fotocopia de estudios completos del nivel secundario (t\u00edtulo o constancia de finalizaci\u00f3n, sin materias adeudadas).<\/span><\/p>\n<p><span style=\"font-family: arial, helvetica, sans-serif; font-size: 12pt;\">3.Fotocopia de DNI, primera y segunda hoja.<\/span><\/p>\n<p><span style=\"font-family: arial, helvetica, sans-serif; font-size: 12pt;\">4.Partida de nacimiento legalizada.<\/span><\/p>\n<p><span style=\"font-family: arial, helvetica, sans-serif; font-size: 12pt;\">5.Certificado de antecedentes.<\/span><\/p>\n<p><span style=\"font-family: arial, helvetica, sans-serif; font-size: 12pt;\">6.Una foto 3&#215;3.<\/span><\/p>\n<p><span style=\"font-family: arial, helvetica, sans-serif; font-size: 12pt;\" data-mce-mark=\"1\">7. Hacer clic para descargar<a href=\"\/\/inscastelli-cha.infd.edu.ar\/sitio\/wp-content\/uploads\/2024\/12\/Requisitos-medicos-Profesorado-de-Educacion-Sup.-en-Educacion-Fisica-2025.pdf\" target=\"_blank\" rel=\"noopener\"><strong> REQUISITOS M\u00c9DICOS 2025.<\/strong><\/a><\/span><\/p>\n<p>Hacer clic para descargar la <strong><a href=\"https:\/\/inscastelli-cha.infd.edu.ar\/sitio\/wp-content\/uploads\/2022\/12\/NORMATIVA-Curso-Propedeutico-2023.docx\">NORMATIVA <\/a><\/strong><\/p>\n<p><strong><span style=\"color: #008000;\">TALLER DE INGRESO 2026:\u00a0<\/span><\/strong> <span style=\"font-size: 12pt;\"><strong>inicia 06 de Abril<\/strong><\/span><\/p>\n<p><span style=\"font-size: 12pt;\">\u00a0<\/span><\/p>\n<h3 style=\"text-align: center;\"><strong><span style=\"color: #000080;\">Te\u00f3rico Educaci\u00f3n F\u00edsica\u00a0<\/span><\/strong><\/h3>\n<ul>\n<li><a href=\"https:\/\/drive.google.com\/file\/d\/15Cch9SIP8pXbGXiiV6pvG9yEOb7HAHvN\/view?usp=sharing\" target=\"_blank\" rel=\"noopener\"><strong>CUADERNILLO\/CARTILLA PROPED\u00c9UTICO 2026 (hacer un clic para descargar el archivo)<\/strong><\/a><\/li>\n<li><strong>TEXTOS PEDAG\u00d3GICOS<\/strong><\/li>\n<li><a href=\"https:\/\/inscastelli-cha.infd.edu.ar\/sitio\/wp-content\/uploads\/2022\/04\/6-TECNICAS-DE-ESTUDIO-Y-ORTOGRAFIA.pdf\"><strong>T\u00c9CNICAS DE ESTUDIO Y ORTOGRAF\u00cdA<\/strong><\/a><\/li>\n<li><strong><a href=\"https:\/\/inscastelli-cha.infd.edu.ar\/sitio\/wp-content\/uploads\/2022\/04\/REGLAMENTACION-CORRECCION-ORTOGRAFICA.pdf\">REGLAMENTACI\u00d3N &#8211; CORRECCI\u00d3N ORTOGR\u00c1FICA<\/a><\/strong><\/li>\n<\/ul>\n<p style=\"text-align: center;\"><span style=\"color: #000080;\"><strong>REQUISITOS DE APROBACI\u00d3N DEL TALLER PROP\u00c9DEUTICO<\/strong><\/span><\/p>\n<p style=\"text-align: center;\">El cursante debe poseer el\u00a0<span style=\"color: #ff0000;\">80%\u00a0<\/span>de asistencia con el<span style=\"color: #ff0000;\">\u00a0100%<\/span>\u00a0de los trabajos presentados<\/p>\n<h4 style=\"text-align: center;\"><strong>PLAN NUEVO<\/strong><\/h4>\n<h5 style=\"text-align: center;\"><a href=\"https:\/\/drive.google.com\/file\/d\/15WGb_irhK7E4y_nAtjECUrk4wE2AKxxE\/view?usp=sharing\" target=\"_blank\" rel=\"noopener\">PLAN NUEVO<\/a> &#8211; <a href=\"https:\/\/inscastelli-cha.infd.edu.ar\/sitio\/wp-content\/uploads\/2022\/12\/5c-Res.6945-Regimen-de-correlatividades-EDUC-FISICA-1.pdf\">R\u00c9GIMEN DE CORRELATIVIDADES<\/a><\/h5>\n<h4 style=\"text-align: center;\">\u00a0<\/h4>\n<p style=\"text-align: center;\">\u00a0<\/p>\n\n\n<p><\/p>\n","protected":false},"excerpt":{"rendered":"<p>\u00a0 \u00a0 \u00a0 \u00a0 \u00a0 \u00a0 \u00a0 \u00a0 \u00a0 \u00a0 \u00a0 \u00a0 \u00a0 \u00a0 \u00a0 \u00a0 \u00a0 \u00a0 \u00a0 \u00a0 \u00a0 \u00a0____________________________________________________ REQUISITOS PARA LA INSCRIPCI\u00d3N-INGRESANTES \u201cSe ha establecido en el a\u00f1o 2019, que el cupo de ingresantes a primer a\u00f1o de la carrera del Profesorado Superior de Educaci\u00f3n F\u00edsica, ser\u00e1 estrictamente acorde a la &#8230; <a title=\"Profesorado de Educaci\u00f3n Superior en Educaci\u00f3n F\u00edsica\" class=\"read-more\" href=\"https:\/\/inscastelli-cha.infd.edu.ar\/sitio\/profesorado-para-la-educacion-superior-en-educacion-fisica\/\" aria-label=\"More on Profesorado de Educaci\u00f3n Superior en Educaci\u00f3n F\u00edsica\">[+]<\/a><\/p>\n","protected":false},"author":283,"featured_media":0,"parent":0,"menu_order":0,"comment_status":"closed","ping_status":"closed","template":"","meta":[],"acf":[],"_links":{"self":[{"href":"https:\/\/inscastelli-cha.infd.edu.ar\/sitio\/wp-json\/wp\/v2\/pages\/793"}],"collection":[{"href":"https:\/\/inscastelli-cha.infd.edu.ar\/sitio\/wp-json\/wp\/v2\/pages"}],"about":[{"href":"https:\/\/inscastelli-cha.infd.edu.ar\/sitio\/wp-json\/wp\/v2\/types\/page"}],"author":[{"embeddable":true,"href":"https:\/\/inscastelli-cha.infd.edu.ar\/sitio\/wp-json\/wp\/v2\/users\/283"}],"replies":[{"embeddable":true,"href":"https:\/\/inscastelli-cha.infd.edu.ar\/sitio\/wp-json\/wp\/v2\/comments?post=793"}],"version-history":[{"count":30,"href":"https:\/\/inscastelli-cha.infd.edu.ar\/sitio\/wp-json\/wp\/v2\/pages\/793\/revisions"}],"predecessor-version":[{"id":5236,"href":"https:\/\/inscastelli-cha.infd.edu.ar\/sitio\/wp-json\/wp\/v2\/pages\/793\/revisions\/5236"}],"wp:attachment":[{"href":"https:\/\/inscastelli-cha.infd.edu.ar\/sitio\/wp-json\/wp\/v2\/media?parent=793"}],"curies":[{"name":"wp","href":"https:\/\/api.w.org\/{rel}","templated":true}]}}