{"id":810,"date":"2018-07-03T12:43:44","date_gmt":"2018-07-03T15:43:44","guid":{"rendered":"https:\/\/inscastelli-cha.infd.edu.ar\/sitio\/profesorado-para-la-educacion-secundaria-en-quimica\/"},"modified":"2026-03-30T10:45:00","modified_gmt":"2026-03-30T13:45:00","slug":"profesorado-para-la-educacion-secundaria-en-quimica","status":"publish","type":"page","link":"https:\/\/inscastelli-cha.infd.edu.ar\/sitio\/profesorado-para-la-educacion-secundaria-en-quimica\/","title":{"rendered":"Profesorado de Educaci\u00f3n Secundaria en Qu\u00edmica"},"content":{"rendered":"<p><img decoding=\"async\" loading=\"lazy\" class=\"wp-image-1345 aligncenter\" src=\"https:\/\/inscastelli-cha.infd.edu.ar\/sitio\/wp-content\/uploads\/2019\/04\/Profesorado-Quimica--1000x750.jpg\" alt=\"\" width=\"654\" height=\"491\" srcset=\"https:\/\/inscastelli-cha.infd.edu.ar\/sitio\/wp-content\/uploads\/2019\/04\/Profesorado-Quimica--1000x750.jpg 1000w, https:\/\/inscastelli-cha.infd.edu.ar\/sitio\/wp-content\/uploads\/2019\/04\/Profesorado-Quimica--768x576.jpg 768w, https:\/\/inscastelli-cha.infd.edu.ar\/sitio\/wp-content\/uploads\/2019\/04\/Profesorado-Quimica-.jpg 1466w\" sizes=\"(max-width: 654px) 100vw, 654px\" \/><\/p>\n<h4 style=\"text-align: center;\"><span style=\"font-size: 12pt;\"><span style=\"font-size: 12pt;\"><strong><a href=\"https:\/\/www.facebook.com\/reel\/1075501314547670\" target=\"_blank\" rel=\"noopener\">\u00bfPor qu\u00e9 estudiar en el Profesorado de Qu\u00edmica?<\/a><span style=\"font-size: 12pt;\"><br \/>\n<\/span><\/strong><\/span><\/span><\/h4>\n<h3 style=\"text-align: center;\"><span style=\"color: #008000;\"><span style=\"font-size: 16px;\"><u>INGRESO 2026<\/u><\/span><\/span><\/h3>\n<p style=\"text-align: center;\"><span style=\"font-size: 12pt;\"><strong>Inicio 06 de Abril<\/strong><\/span><\/p>\n<p style=\"text-align: center;\"><span style=\"font-size: 12pt;\">(Hacer clic aqu\u00ed para descargar el cuadernillo)\u00a0<\/span><a href=\"https:\/\/drive.google.com\/file\/d\/1-7uVs1kVUXHt3Ap-1HFEMcHlXc0IGMXg\/view?usp=sharing\" target=\"_blank\" rel=\"noopener\"><strong>CUADERNILLO\/CARTILLA PROPED\u00c9UTICO 2026<\/strong><\/a><\/p>\n<h3 style=\"text-align: center;\"><span style=\"font-size: 12pt;\"><span style=\"color: #000080;\"><span style=\"color: #000080; font-size: 12pt;\"><b><a href=\"https:\/\/inscastelli-cha.infd.edu.ar\/sitio\/wp-content\/uploads\/2019\/07\/PE-QU\u00cdMICA-RESOLUCI\u00d3N-7610-14-2015.pdf\">PLAN DE ESTUDIOS<\/a>\u00a0<\/b><\/span><\/span><\/span><\/h3>\n<ul>\n<li>Hacer clic aqu\u00ed para descargar <a href=\"https:\/\/inscastelli-cha.infd.edu.ar\/sitio\/wp-content\/uploads\/2019\/03\/ANEXO-MATEM\u00c1TICA.PROF_.-QU\u00cdMICA.pdf\">\u00a0<strong><span style=\"color: #000080;\">ANEXO MATEM\u00c1TICA.PROF. QU\u00cdMICA<\/span><\/strong><\/a><\/li>\n<\/ul>\n<p><span style=\"font-size: 12pt;\">\u00a0<\/span><\/p>\n<p style=\"text-align: center;\"><span style=\"font-size: 12pt;\"><strong><span style=\"text-decoration: underline;\">REQUISITOS DE APROBACI\u00d3N DEL TALLER PROPED\u00c9UTICO<\/span><\/strong><\/span><\/p>\n<p style=\"text-align: center;\"><span style=\"font-size: 12pt;\"><strong>El cursante debe poseer el<span style=\"color: #000080;\"> 80%<\/span> de asistencia con el <span style=\"color: #000080;\">100%<\/span> de los trabajos presentados<\/strong><\/span><\/p>\n<p style=\"text-align: justify;\"><strong style=\"font-size: 10pt;\">\u00a0<\/strong><\/p>\n<p><span style=\"font-size: 12pt;\"><span style=\"font-size: 12pt;\">\u00a0<\/span><\/span><\/p>\n<p><span style=\"font-size: 12pt;\" data-mce-mark=\"1\"><strong>\u00a0<\/strong><\/span><\/p>\n<p style=\"text-align: center;\"><span style=\"font-size: 12pt;\"><span style=\"font-size: 12pt;\"><strong>\u00a0<\/strong><\/span><\/span><\/p>\n","protected":false},"excerpt":{"rendered":"<p>\u00bfPor qu\u00e9 estudiar en el Profesorado de Qu\u00edmica? INGRESO 2026 Inicio 06 de Abril (Hacer clic aqu\u00ed para descargar el cuadernillo)\u00a0CUADERNILLO\/CARTILLA PROPED\u00c9UTICO 2026 PLAN DE ESTUDIOS\u00a0 Hacer clic aqu\u00ed para descargar \u00a0ANEXO MATEM\u00c1TICA.PROF. QU\u00cdMICA \u00a0 REQUISITOS DE APROBACI\u00d3N DEL TALLER PROPED\u00c9UTICO El cursante debe poseer el 80% de asistencia con el 100% de los trabajos &#8230; <a title=\"Profesorado de Educaci\u00f3n Secundaria en Qu\u00edmica\" class=\"read-more\" href=\"https:\/\/inscastelli-cha.infd.edu.ar\/sitio\/profesorado-para-la-educacion-secundaria-en-quimica\/\" aria-label=\"More on Profesorado de Educaci\u00f3n Secundaria en Qu\u00edmica\">[+]<\/a><\/p>\n","protected":false},"author":283,"featured_media":0,"parent":0,"menu_order":0,"comment_status":"closed","ping_status":"closed","template":"","meta":[],"acf":[],"_links":{"self":[{"href":"https:\/\/inscastelli-cha.infd.edu.ar\/sitio\/wp-json\/wp\/v2\/pages\/810"}],"collection":[{"href":"https:\/\/inscastelli-cha.infd.edu.ar\/sitio\/wp-json\/wp\/v2\/pages"}],"about":[{"href":"https:\/\/inscastelli-cha.infd.edu.ar\/sitio\/wp-json\/wp\/v2\/types\/page"}],"author":[{"embeddable":true,"href":"https:\/\/inscastelli-cha.infd.edu.ar\/sitio\/wp-json\/wp\/v2\/users\/283"}],"replies":[{"embeddable":true,"href":"https:\/\/inscastelli-cha.infd.edu.ar\/sitio\/wp-json\/wp\/v2\/comments?post=810"}],"version-history":[{"count":23,"href":"https:\/\/inscastelli-cha.infd.edu.ar\/sitio\/wp-json\/wp\/v2\/pages\/810\/revisions"}],"predecessor-version":[{"id":5235,"href":"https:\/\/inscastelli-cha.infd.edu.ar\/sitio\/wp-json\/wp\/v2\/pages\/810\/revisions\/5235"}],"wp:attachment":[{"href":"https:\/\/inscastelli-cha.infd.edu.ar\/sitio\/wp-json\/wp\/v2\/media?parent=810"}],"curies":[{"name":"wp","href":"https:\/\/api.w.org\/{rel}","templated":true}]}}