{"id":817,"date":"2018-07-03T12:43:46","date_gmt":"2018-07-03T15:43:46","guid":{"rendered":"https:\/\/inscastelli-cha.infd.edu.ar\/sitio\/datos-institucionales\/"},"modified":"2024-11-28T09:54:25","modified_gmt":"2024-11-28T12:54:25","slug":"datos-institucionales","status":"publish","type":"page","link":"https:\/\/inscastelli-cha.infd.edu.ar\/sitio\/datos-institucionales\/","title":{"rendered":"Datos institucionales"},"content":{"rendered":"<h4 style=\"text-align: center;\"><strong>INSTITUTO DE EDUCACI\u00d3N SUPERIOR \u00abRen\u00e9 Favaloro\u00bb<\/strong><br \/><strong><small>CUE: 220015400<\/small><\/strong><\/h4>\n<p>&nbsp;<\/p>\n<ul>\n<li>\n<h4><span data-mce-mark=\"1\"><strong>Direcci\u00f3n: Av. San Mart\u00edn 1146<\/strong><\/span><\/h4>\n<\/li>\n<li>\n<h4><span data-mce-mark=\"1\"><strong>Tel\u00e9fonos: 03644-471505<\/strong><\/span><\/h4>\n<\/li>\n<li>\n<h4><span data-mce-mark=\"1\"><strong>E-mail de consultas:\u00a0<a href=\"mailto:castelliterciario@yahoo.com.ar\">castelliterciario@yahoo.com.ar<\/a><\/strong><\/span><\/h4>\n<\/li>\n<li>\n<h4><span data-mce-mark=\"1\"><strong>URL\u00a0<a href=\"https:\/\/inscastelli-cha.infd.edu.ar\/sitio\/\">https:\/\/inscastelli-cha.infd.edu.ar\/sitio\/<\/a><\/strong><\/span><\/h4>\n<\/li>\n<li>\n<h4><span data-mce-mark=\"1\"><strong>URL\u00a0<a href=\"http:\/\/insup.com.ar\/Favaloro\/\">http:\/\/insup.com.ar\/Favaloro\/<\/a><\/strong><\/span><\/h4>\n<\/li>\n<\/ul>\n<h4><strong>Horarios de atenci\u00f3n\u00a0:\u00a0<\/strong><\/h4>\n<figure class=\"wp-block-table\">\n<table style=\"height: 94px;\" width=\"954\">\n<tbody>\n<tr>\n<td><strong>MA\u00d1ANA<\/strong><\/td>\n<td><strong>TARDE<\/strong><\/td>\n<td><strong>NOCHE<\/strong><\/td>\n<\/tr>\n<tr>\n<td><strong>06:45 \u2013 12:30<\/strong><\/td>\n<td><strong>12:45 \u2013 18:25<\/strong><\/td>\n<td><strong>18:25 a 23:50\u00a0<\/strong><\/td>\n<\/tr>\n<\/tbody>\n<\/table>\n<\/figure>\n<div  class=\"lgc-column lgc-grid-parent lgc-grid-25 lgc-tablet-grid-50 lgc-mobile-grid-100 lgc-equal-heights \"><div  class=\"inside-grid-column\"><a href=\"https:\/\/inscastelli-cha.infd.edu.ar\/sitio\/autoridades\/\" target=\"_blank\" rel=\"noopener\"><img decoding=\"async\" loading=\"lazy\" class=\" wp-image-4528 aligncenter\" src=\"https:\/\/inscastelli-cha.infd.edu.ar\/sitio\/wp-content\/uploads\/2024\/11\/AUTORIDDES.png\" alt=\"\" width=\"382\" height=\"176\" srcset=\"https:\/\/inscastelli-cha.infd.edu.ar\/sitio\/wp-content\/uploads\/2024\/11\/AUTORIDDES.png 864w, https:\/\/inscastelli-cha.infd.edu.ar\/sitio\/wp-content\/uploads\/2024\/11\/AUTORIDDES-768x354.png 768w\" sizes=\"(max-width: 382px) 100vw, 382px\" \/><\/a><\/div><\/div><div  class=\"lgc-column lgc-grid-parent lgc-grid-25 lgc-tablet-grid-50 lgc-mobile-grid-100 lgc-equal-heights \"><div  class=\"inside-grid-column\"><a href=\"https:\/\/inscastelli-cha.infd.edu.ar\/sitio\/personal-administrativo\/\" target=\"_blank\" rel=\"noopener\"><img decoding=\"async\" loading=\"lazy\" class=\" wp-image-4532 aligncenter\" src=\"https:\/\/inscastelli-cha.infd.edu.ar\/sitio\/wp-content\/uploads\/2024\/11\/PERSONAL.png\" alt=\"\" width=\"382\" height=\"176\" srcset=\"https:\/\/inscastelli-cha.infd.edu.ar\/sitio\/wp-content\/uploads\/2024\/11\/PERSONAL.png 864w, https:\/\/inscastelli-cha.infd.edu.ar\/sitio\/wp-content\/uploads\/2024\/11\/PERSONAL-768x354.png 768w\" sizes=\"(max-width: 382px) 100vw, 382px\" \/><\/a><\/div><\/div><div  class=\"lgc-column lgc-grid-parent lgc-grid-25 lgc-tablet-grid-50 lgc-mobile-grid-100 lgc-equal-heights \"><div  class=\"inside-grid-column\"><a href=\"https:\/\/inscastelli-cha.infd.edu.ar\/sitio\/historia\/\" target=\"_blank\" rel=\"noopener\"><img decoding=\"async\" loading=\"lazy\" class=\" wp-image-4533 aligncenter\" src=\"https:\/\/inscastelli-cha.infd.edu.ar\/sitio\/wp-content\/uploads\/2024\/11\/HISTORIA.png\" alt=\"\" width=\"375\" height=\"173\" srcset=\"https:\/\/inscastelli-cha.infd.edu.ar\/sitio\/wp-content\/uploads\/2024\/11\/HISTORIA.png 864w, https:\/\/inscastelli-cha.infd.edu.ar\/sitio\/wp-content\/uploads\/2024\/11\/HISTORIA-768x354.png 768w\" sizes=\"(max-width: 375px) 100vw, 375px\" \/><\/a><\/div><\/div><div  class=\"lgc-column lgc-grid-parent lgc-grid-25 lgc-tablet-grid-50 lgc-mobile-grid-100 lgc-equal-heights \"><div  class=\"inside-grid-column\"><a href=\"https:\/\/inscastelli-cha.infd.edu.ar\/sitio\/ubicacion\/\" target=\"_blank\" rel=\"noopener\"><img decoding=\"async\" loading=\"lazy\" class=\"wp-image-4696  aligncenter\" src=\"https:\/\/inscastelli-cha.infd.edu.ar\/sitio\/wp-content\/uploads\/2024\/11\/ubi.png\" alt=\"\" width=\"355\" height=\"168\" \/><\/a><\/div><\/div>\n","protected":false},"excerpt":{"rendered":"<p>INSTITUTO DE EDUCACI\u00d3N SUPERIOR \u00abRen\u00e9 Favaloro\u00bbCUE: 220015400 &nbsp; Direcci\u00f3n: Av. San Mart\u00edn 1146 Tel\u00e9fonos: 03644-471505 E-mail de consultas:\u00a0castelliterciario@yahoo.com.ar URL\u00a0https:\/\/inscastelli-cha.infd.edu.ar\/sitio\/ URL\u00a0http:\/\/insup.com.ar\/Favaloro\/ Horarios de atenci\u00f3n\u00a0:\u00a0 MA\u00d1ANA TARDE NOCHE 06:45 \u2013 12:30 12:45 \u2013 18:25 18:25 a 23:50\u00a0<\/p>\n","protected":false},"author":283,"featured_media":0,"parent":0,"menu_order":0,"comment_status":"closed","ping_status":"closed","template":"","meta":[],"acf":[],"_links":{"self":[{"href":"https:\/\/inscastelli-cha.infd.edu.ar\/sitio\/wp-json\/wp\/v2\/pages\/817"}],"collection":[{"href":"https:\/\/inscastelli-cha.infd.edu.ar\/sitio\/wp-json\/wp\/v2\/pages"}],"about":[{"href":"https:\/\/inscastelli-cha.infd.edu.ar\/sitio\/wp-json\/wp\/v2\/types\/page"}],"author":[{"embeddable":true,"href":"https:\/\/inscastelli-cha.infd.edu.ar\/sitio\/wp-json\/wp\/v2\/users\/283"}],"replies":[{"embeddable":true,"href":"https:\/\/inscastelli-cha.infd.edu.ar\/sitio\/wp-json\/wp\/v2\/comments?post=817"}],"version-history":[{"count":20,"href":"https:\/\/inscastelli-cha.infd.edu.ar\/sitio\/wp-json\/wp\/v2\/pages\/817\/revisions"}],"predecessor-version":[{"id":4700,"href":"https:\/\/inscastelli-cha.infd.edu.ar\/sitio\/wp-json\/wp\/v2\/pages\/817\/revisions\/4700"}],"wp:attachment":[{"href":"https:\/\/inscastelli-cha.infd.edu.ar\/sitio\/wp-json\/wp\/v2\/media?parent=817"}],"curies":[{"name":"wp","href":"https:\/\/api.w.org\/{rel}","templated":true}]}}