{"id":824,"date":"2018-07-03T12:43:50","date_gmt":"2018-07-03T15:43:50","guid":{"rendered":"https:\/\/inscastelli-cha.infd.edu.ar\/sitio\/autoridades\/"},"modified":"2026-03-26T17:22:39","modified_gmt":"2026-03-26T20:22:39","slug":"autoridades","status":"publish","type":"page","link":"https:\/\/inscastelli-cha.infd.edu.ar\/sitio\/autoridades\/","title":{"rendered":"Autoridades"},"content":{"rendered":"<h1 style=\"text-align: center;\"><span style=\"font-size: 12pt; color: #000000; font-family: arial, helvetica, sans-serif;\"><strong><span style=\"text-decoration: underline;\">Directivos<\/span><\/strong><\/span><\/h1>\n<p><span style=\"color: #000000; font-family: arial, helvetica, sans-serif; font-size: 12pt;\"><strong><span style=\"text-decoration: underline;\">Rector<\/span>: Prof. Kuris, Donato A.<\/strong><\/span><\/p>\n<p><span style=\"color: #000000; font-family: Arial; font-size: 12pt;\"><strong><span style=\"text-decoration: underline;\">Vicerrectora<\/span>: Prof. Garc\u00eda, Karina<\/strong><\/span><\/p>\n<p><span style=\"color: #000000; font-family: Arial; font-size: 12pt;\"><strong><strong><span style=\"text-decoration: underline;\">Suplente<\/span>: Esp. Mar\u00eda Cecilia Lemoine<\/strong><\/strong><\/span><\/p>\n<p><span style=\"font-size: 12pt; color: #000000;\"><strong><span style=\"font-family: Arial;\"><span style=\"text-decoration: underline;\">Coordinadora Pedag\u00f3gica<\/span>: Scheffer, Ingrid.<\/span><\/strong><\/span><\/p>\n<p><strong><span style=\"color: #000000;\">Directores de Estudios<\/span>:\u00a0<\/strong><\/p>\n<p style=\"text-align: center;\"><span style=\"color: #000000;\">Prof. Paola N. Alegre<\/span><\/p>\n<p style=\"text-align: center;\"><span style=\"color: #000000;\">Prof. Sandra Barrios<\/span><\/p>\n<p style=\"text-align: center;\"><span style=\"color: #000000;\">Prof. Alicia Griselda Acevedo<\/span><\/p>\n<p><strong>Profesores Dedicaci\u00f3n Semi-Exclusiva:<\/strong><\/p>\n<p style=\"text-align: center;\"><span style=\"color: #000000;\">Prof. Fern\u00e1ndez Aldo<\/span><\/p>\n<p style=\"text-align: center;\"><span style=\"color: #000000;\">Esp. Gast\u00f3n Melgarejo<\/span><\/p>\n<p style=\"text-align: center;\"><span style=\"color: #000000;\">\u00a0 \u00a0 \u00a0 Esp. Palacios H\u00e9ctor Jos\u00e9<\/span><\/p>\n<p>\u00a0 \u00a0 \u00a0 \u00a0 \u00a0 \u00a0 \u00a0 \u00a0 \u00a0 \u00a0 \u00a0 \u00a0 \u00a0 \u00a0 \u00a0 \u00a0 \u00a0 \u00a0 \u00a0 \u00a0 \u00a0 \u00a0 \u00a0 \u00a0 \u00a0 \u00a0 \u00a0 \u00a0 \u00a0 \u00a0 \u00a0 \u00a0 \u00a0 \u00a0 \u00a0 \u00a0 \u00a0 \u00a0 \u00a0 \u00a0 \u00a0 \u00a0 \u00a0 \u00a0 \u00a0 \u00a0 \u00a0 \u00a0 \u00a0 \u00a0 \u00a0Prof. Reyes Yohana Noelia<\/p>\n<p style=\"text-align: center;\">Prof. Marisa Ru\u00edz D\u00edaz<\/p>\n<p><strong>Coordinadoras de Unidades de Extensi\u00f3n de Servicios<\/strong><\/p>\n<p style=\"text-align: center;\"><span style=\"color: #000000;\">Prof. Viera Gisela <\/span><\/p>\n<p>\u00a0 \u00a0 \u00a0 \u00a0 \u00a0 \u00a0 \u00a0 \u00a0 \u00a0 \u00a0 \u00a0 \u00a0 \u00a0 \u00a0 \u00a0 \u00a0 \u00a0 \u00a0 \u00a0 \u00a0 \u00a0 \u00a0 \u00a0 \u00a0 \u00a0 \u00a0 \u00a0 \u00a0 \u00a0 \u00a0 \u00a0 \u00a0 \u00a0 \u00a0 \u00a0 \u00a0 \u00a0 \u00a0 \u00a0 \u00a0 \u00a0 \u00a0 \u00a0 \u00a0 \u00a0 \u00a0 \u00a0 \u00a0 \u00a0 \u00a0 \u00a0 \u00a0 \u00a0 Prof.\u00a0 Ba\u00e9z Nancy<\/p>\n<p style=\"text-align: left;\"><strong>Secretaria<\/strong><\/p>\n<p style=\"text-align: center;\">Prof. Konrad, Andrea<\/p>\n<p><strong>Jefa de Bedeles<\/strong><\/p>\n<p style=\"text-align: center;\"><span style=\"color: #000000;\">Prof. Maidana, Erica<\/span><\/p>\n<p><span style=\"font-family: 'andale mono', times;\"><strong style=\"font-size: 13px;\">\u00a0<\/strong><\/span><\/p>\n<p><span style=\"font-size: 12pt;\"><strong><strong><strong><img decoding=\"async\" loading=\"lazy\" class=\"aligncenter\" style=\"vertical-align: middle;\" src=\"http:\/\/upload.wikimedia.org\/wikipedia\/commons\/d\/d6\/Flag_of_Chaco_province_in_Argentina_2007.jpg\" width=\"500\" height=\"350\" border=\"0\" \/><\/strong><\/strong><\/strong><\/span><\/p>\n<p><span style=\"color: #0000ff; font-size: 12pt;\"><strong><span style=\"font-family: Arial;\"><span style=\"text-decoration: underline;\">\u00a0<\/span><\/span><\/strong><\/span><\/p>\n","protected":false},"excerpt":{"rendered":"<p>Directivos Rector: Prof. Kuris, Donato A. Vicerrectora: Prof. Garc\u00eda, Karina Suplente: Esp. Mar\u00eda Cecilia Lemoine Coordinadora Pedag\u00f3gica: Scheffer, Ingrid. Directores de Estudios:\u00a0 Prof. Paola N. Alegre Prof. Sandra Barrios Prof. Alicia Griselda Acevedo Profesores Dedicaci\u00f3n Semi-Exclusiva: Prof. Fern\u00e1ndez Aldo Esp. Gast\u00f3n Melgarejo \u00a0 \u00a0 \u00a0 Esp. Palacios H\u00e9ctor Jos\u00e9 \u00a0 \u00a0 \u00a0 \u00a0 \u00a0 \u00a0 &#8230; <a title=\"Autoridades\" class=\"read-more\" href=\"https:\/\/inscastelli-cha.infd.edu.ar\/sitio\/autoridades\/\" aria-label=\"More on Autoridades\">[+]<\/a><\/p>\n","protected":false},"author":283,"featured_media":0,"parent":0,"menu_order":0,"comment_status":"closed","ping_status":"closed","template":"","meta":[],"acf":[],"_links":{"self":[{"href":"https:\/\/inscastelli-cha.infd.edu.ar\/sitio\/wp-json\/wp\/v2\/pages\/824"}],"collection":[{"href":"https:\/\/inscastelli-cha.infd.edu.ar\/sitio\/wp-json\/wp\/v2\/pages"}],"about":[{"href":"https:\/\/inscastelli-cha.infd.edu.ar\/sitio\/wp-json\/wp\/v2\/types\/page"}],"author":[{"embeddable":true,"href":"https:\/\/inscastelli-cha.infd.edu.ar\/sitio\/wp-json\/wp\/v2\/users\/283"}],"replies":[{"embeddable":true,"href":"https:\/\/inscastelli-cha.infd.edu.ar\/sitio\/wp-json\/wp\/v2\/comments?post=824"}],"version-history":[{"count":13,"href":"https:\/\/inscastelli-cha.infd.edu.ar\/sitio\/wp-json\/wp\/v2\/pages\/824\/revisions"}],"predecessor-version":[{"id":5213,"href":"https:\/\/inscastelli-cha.infd.edu.ar\/sitio\/wp-json\/wp\/v2\/pages\/824\/revisions\/5213"}],"wp:attachment":[{"href":"https:\/\/inscastelli-cha.infd.edu.ar\/sitio\/wp-json\/wp\/v2\/media?parent=824"}],"curies":[{"name":"wp","href":"https:\/\/api.w.org\/{rel}","templated":true}]}}