{"id":832,"date":"2025-10-16T01:44:50","date_gmt":"2025-10-16T04:44:50","guid":{"rendered":"https:\/\/inscastelli-cha.infd.edu.ar\/sitio\/?page_id=832"},"modified":"2025-11-06T15:25:19","modified_gmt":"2025-11-06T18:25:19","slug":"festejos-bodas-de-oro","status":"publish","type":"page","link":"https:\/\/inscastelli-cha.infd.edu.ar\/sitio\/festejos-bodas-de-oro\/","title":{"rendered":"Festejos Bodas de Oro"},"content":{"rendered":"\n<p class=\"has-base-2-background-color has-background\">En emotivo acto, se destac\u00f3 el recorrido de nuestro Instituto: Entre momentos cargados de sentires, nostalgias, l\u00e1grimas y risas, festejamos la historia de nuestro querido IES Ren\u00e9 Favaloro. Repasar en el tiempo su trayectoria, es descubrir historias de vida,  proyectos construidos. Medio siglo de historia, formando generaciones, cambiando futuros&#8230;1975\/2025.<\/p>\n\n\n\n<div class=\"alignfull\"><div id=\"metaslider-id-5052\" style=\"width: 100%;\" class=\"ml-slider-3-33-0 metaslider metaslider-flex metaslider-5052 ml-slider ms-theme-default\" role=\"region\" aria-roledescription=\"Slideshow\" aria-label=\"Slideshow\">\n    <div id=\"metaslider_container_5052\">\n        <div id=\"metaslider_5052\" class=\"flexslider\">\n            <ul aria-live=\"polite\" class=\"slides\">\n                <li style=\"display: block; width: 100%;\" class=\"slide-5060 ms-image\" aria-roledescription=\"slide\" aria-label=\"slide-5060\"><img width=\"1156\" height=\"651\" src=\"https:\/\/inscastelli-cha.infd.edu.ar\/sitio\/wp-content\/uploads\/2025\/10\/WhatsApp-Image-2025-10-15-at-19.26.21.jpeg\" class=\"slider-5052 slide-5060\" alt=\"\" decoding=\"async\" loading=\"lazy\" rel=\"\" title=\"WhatsApp Image 2025-10-15 at 19.26.21\" style=\"margin: 0 auto; width: 49.952467375335%\" srcset=\"https:\/\/inscastelli-cha.infd.edu.ar\/sitio\/wp-content\/uploads\/2025\/10\/WhatsApp-Image-2025-10-15-at-19.26.21.jpeg 1156w, https:\/\/inscastelli-cha.infd.edu.ar\/sitio\/wp-content\/uploads\/2025\/10\/WhatsApp-Image-2025-10-15-at-19.26.21-1000x563.jpeg 1000w, https:\/\/inscastelli-cha.infd.edu.ar\/sitio\/wp-content\/uploads\/2025\/10\/WhatsApp-Image-2025-10-15-at-19.26.21-768x432.jpeg 768w\" sizes=\"(max-width: 1156px) 100vw, 1156px\" \/><\/li>\n                <li style=\"display: none; width: 100%;\" class=\"slide-5061 ms-image\" aria-roledescription=\"slide\" aria-label=\"slide-5061\"><img width=\"1600\" height=\"901\" src=\"https:\/\/inscastelli-cha.infd.edu.ar\/sitio\/wp-content\/uploads\/2025\/10\/WhatsApp-Image-2025-10-15-at-19.26.17.jpeg\" class=\"slider-5052 slide-5061\" alt=\"\" decoding=\"async\" loading=\"lazy\" rel=\"\" title=\"WhatsApp Image 2025-10-15 at 19.26.17\" style=\"margin: 0 auto; width: 49.954577591746%\" srcset=\"https:\/\/inscastelli-cha.infd.edu.ar\/sitio\/wp-content\/uploads\/2025\/10\/WhatsApp-Image-2025-10-15-at-19.26.17.jpeg 1600w, https:\/\/inscastelli-cha.infd.edu.ar\/sitio\/wp-content\/uploads\/2025\/10\/WhatsApp-Image-2025-10-15-at-19.26.17-1000x563.jpeg 1000w, https:\/\/inscastelli-cha.infd.edu.ar\/sitio\/wp-content\/uploads\/2025\/10\/WhatsApp-Image-2025-10-15-at-19.26.17-768x432.jpeg 768w, https:\/\/inscastelli-cha.infd.edu.ar\/sitio\/wp-content\/uploads\/2025\/10\/WhatsApp-Image-2025-10-15-at-19.26.17-1536x865.jpeg 1536w\" sizes=\"(max-width: 1600px) 100vw, 1600px\" \/><\/li>\n                <li style=\"display: none; width: 100%;\" class=\"slide-5072 ms-image\" aria-roledescription=\"slide\" aria-label=\"slide-5072\"><img width=\"1600\" height=\"901\" src=\"https:\/\/inscastelli-cha.infd.edu.ar\/sitio\/wp-content\/uploads\/2025\/10\/WhatsApp-Image-2025-10-15-at-19.26.17-1.jpeg\" class=\"slider-5052 slide-5072\" alt=\"\" decoding=\"async\" loading=\"lazy\" rel=\"\" title=\"WhatsApp Image 2025-10-15 at 19.26.17 (1)\" style=\"margin: 0 auto; width: 49.954577591746%\" srcset=\"https:\/\/inscastelli-cha.infd.edu.ar\/sitio\/wp-content\/uploads\/2025\/10\/WhatsApp-Image-2025-10-15-at-19.26.17-1.jpeg 1600w, https:\/\/inscastelli-cha.infd.edu.ar\/sitio\/wp-content\/uploads\/2025\/10\/WhatsApp-Image-2025-10-15-at-19.26.17-1-1000x563.jpeg 1000w, https:\/\/inscastelli-cha.infd.edu.ar\/sitio\/wp-content\/uploads\/2025\/10\/WhatsApp-Image-2025-10-15-at-19.26.17-1-768x432.jpeg 768w, https:\/\/inscastelli-cha.infd.edu.ar\/sitio\/wp-content\/uploads\/2025\/10\/WhatsApp-Image-2025-10-15-at-19.26.17-1-1536x865.jpeg 1536w\" sizes=\"(max-width: 1600px) 100vw, 1600px\" \/><\/li>\n                <li style=\"display: none; width: 100%;\" class=\"slide-5063 ms-image\" aria-roledescription=\"slide\" aria-label=\"slide-5063\"><img width=\"1600\" height=\"901\" src=\"https:\/\/inscastelli-cha.infd.edu.ar\/sitio\/wp-content\/uploads\/2025\/10\/WhatsApp-Image-2025-10-15-at-19.26.03.jpeg\" class=\"slider-5052 slide-5063\" alt=\"\" decoding=\"async\" loading=\"lazy\" rel=\"\" title=\"WhatsApp Image 2025-10-15 at 19.26.03\" style=\"margin: 0 auto; width: 49.954577591746%\" srcset=\"https:\/\/inscastelli-cha.infd.edu.ar\/sitio\/wp-content\/uploads\/2025\/10\/WhatsApp-Image-2025-10-15-at-19.26.03.jpeg 1600w, https:\/\/inscastelli-cha.infd.edu.ar\/sitio\/wp-content\/uploads\/2025\/10\/WhatsApp-Image-2025-10-15-at-19.26.03-1000x563.jpeg 1000w, https:\/\/inscastelli-cha.infd.edu.ar\/sitio\/wp-content\/uploads\/2025\/10\/WhatsApp-Image-2025-10-15-at-19.26.03-768x432.jpeg 768w, https:\/\/inscastelli-cha.infd.edu.ar\/sitio\/wp-content\/uploads\/2025\/10\/WhatsApp-Image-2025-10-15-at-19.26.03-1536x865.jpeg 1536w\" sizes=\"(max-width: 1600px) 100vw, 1600px\" \/><\/li>\n                <li style=\"display: none; width: 100%;\" class=\"slide-5068 ms-image\" aria-roledescription=\"slide\" aria-label=\"slide-5068\"><img width=\"1280\" height=\"853\" src=\"https:\/\/inscastelli-cha.infd.edu.ar\/sitio\/wp-content\/uploads\/2025\/10\/WhatsApp-Image-2025-10-14-at-22.23.58-1.jpeg\" class=\"slider-5052 slide-5068\" alt=\"\" decoding=\"async\" loading=\"lazy\" rel=\"\" title=\"WhatsApp-Image-2025-10-14-at-22.23.58-1\" style=\"margin: 0 auto; width: 42.21249651598%\" srcset=\"https:\/\/inscastelli-cha.infd.edu.ar\/sitio\/wp-content\/uploads\/2025\/10\/WhatsApp-Image-2025-10-14-at-22.23.58-1.jpeg 1280w, https:\/\/inscastelli-cha.infd.edu.ar\/sitio\/wp-content\/uploads\/2025\/10\/WhatsApp-Image-2025-10-14-at-22.23.58-1-1000x666.jpeg 1000w, https:\/\/inscastelli-cha.infd.edu.ar\/sitio\/wp-content\/uploads\/2025\/10\/WhatsApp-Image-2025-10-14-at-22.23.58-1-768x512.jpeg 768w\" sizes=\"(max-width: 1280px) 100vw, 1280px\" \/><\/li>\n                <li style=\"display: none; width: 100%;\" class=\"slide-5069 ms-image\" aria-roledescription=\"slide\" aria-label=\"slide-5069\"><img width=\"656\" height=\"1000\" src=\"https:\/\/inscastelli-cha.infd.edu.ar\/sitio\/wp-content\/uploads\/2025\/10\/WhatsApp-Image-2025-10-14-at-22.23.58-2.jpeg\" class=\"slider-5052 slide-5069\" alt=\"\" decoding=\"async\" loading=\"lazy\" rel=\"\" title=\"WhatsApp-Image-2025-10-14-at-22.23.58-2\" style=\"margin: 0 auto; width: 18.453720508167%\" \/><\/li>\n                <li style=\"display: none; width: 100%;\" class=\"slide-5064 ms-image\" aria-roledescription=\"slide\" aria-label=\"slide-5064\"><img width=\"1600\" height=\"901\" src=\"https:\/\/inscastelli-cha.infd.edu.ar\/sitio\/wp-content\/uploads\/2025\/10\/WhatsApp-Image-2025-10-15-at-19.25.59.jpeg\" class=\"slider-5052 slide-5064\" alt=\"\" decoding=\"async\" loading=\"lazy\" rel=\"\" title=\"WhatsApp Image 2025-10-15 at 19.25.59\" style=\"margin: 0 auto; width: 49.954577591746%\" srcset=\"https:\/\/inscastelli-cha.infd.edu.ar\/sitio\/wp-content\/uploads\/2025\/10\/WhatsApp-Image-2025-10-15-at-19.25.59.jpeg 1600w, https:\/\/inscastelli-cha.infd.edu.ar\/sitio\/wp-content\/uploads\/2025\/10\/WhatsApp-Image-2025-10-15-at-19.25.59-1000x563.jpeg 1000w, https:\/\/inscastelli-cha.infd.edu.ar\/sitio\/wp-content\/uploads\/2025\/10\/WhatsApp-Image-2025-10-15-at-19.25.59-768x432.jpeg 768w, https:\/\/inscastelli-cha.infd.edu.ar\/sitio\/wp-content\/uploads\/2025\/10\/WhatsApp-Image-2025-10-15-at-19.25.59-1536x865.jpeg 1536w\" sizes=\"(max-width: 1600px) 100vw, 1600px\" \/><\/li>\n                <li style=\"display: none; width: 100%;\" class=\"slide-5073 ms-image\" aria-roledescription=\"slide\" aria-label=\"slide-5073\"><img width=\"1600\" height=\"901\" src=\"https:\/\/inscastelli-cha.infd.edu.ar\/sitio\/wp-content\/uploads\/2025\/10\/WhatsApp-Image-2025-10-15-at-19.25.54.jpeg\" class=\"slider-5052 slide-5073\" alt=\"\" decoding=\"async\" loading=\"lazy\" rel=\"\" title=\"WhatsApp Image 2025-10-15 at 19.25.54\" style=\"margin: 0 auto; width: 49.954577591746%\" srcset=\"https:\/\/inscastelli-cha.infd.edu.ar\/sitio\/wp-content\/uploads\/2025\/10\/WhatsApp-Image-2025-10-15-at-19.25.54.jpeg 1600w, https:\/\/inscastelli-cha.infd.edu.ar\/sitio\/wp-content\/uploads\/2025\/10\/WhatsApp-Image-2025-10-15-at-19.25.54-1000x563.jpeg 1000w, https:\/\/inscastelli-cha.infd.edu.ar\/sitio\/wp-content\/uploads\/2025\/10\/WhatsApp-Image-2025-10-15-at-19.25.54-768x432.jpeg 768w, https:\/\/inscastelli-cha.infd.edu.ar\/sitio\/wp-content\/uploads\/2025\/10\/WhatsApp-Image-2025-10-15-at-19.25.54-1536x865.jpeg 1536w\" sizes=\"(max-width: 1600px) 100vw, 1600px\" \/><\/li>\n                <li style=\"display: none; width: 100%;\" class=\"slide-5065 ms-image\" aria-roledescription=\"slide\" aria-label=\"slide-5065\"><img width=\"1156\" height=\"651\" src=\"https:\/\/inscastelli-cha.infd.edu.ar\/sitio\/wp-content\/uploads\/2025\/10\/WhatsApp-Image-2025-10-15-at-19.25.52.jpeg\" class=\"slider-5052 slide-5065\" alt=\"\" decoding=\"async\" loading=\"lazy\" rel=\"\" title=\"WhatsApp Image 2025-10-15 at 19.25.52\" style=\"margin: 0 auto; width: 49.952467375335%\" srcset=\"https:\/\/inscastelli-cha.infd.edu.ar\/sitio\/wp-content\/uploads\/2025\/10\/WhatsApp-Image-2025-10-15-at-19.25.52.jpeg 1156w, https:\/\/inscastelli-cha.infd.edu.ar\/sitio\/wp-content\/uploads\/2025\/10\/WhatsApp-Image-2025-10-15-at-19.25.52-1000x563.jpeg 1000w, https:\/\/inscastelli-cha.infd.edu.ar\/sitio\/wp-content\/uploads\/2025\/10\/WhatsApp-Image-2025-10-15-at-19.25.52-768x432.jpeg 768w\" sizes=\"(max-width: 1156px) 100vw, 1156px\" \/><\/li>\n                <li style=\"display: none; width: 100%;\" class=\"slide-5066 ms-image\" aria-roledescription=\"slide\" aria-label=\"slide-5066\"><img width=\"1600\" height=\"901\" src=\"https:\/\/inscastelli-cha.infd.edu.ar\/sitio\/wp-content\/uploads\/2025\/10\/WhatsApp-Image-2025-10-15-at-19.25.48.jpeg\" class=\"slider-5052 slide-5066\" alt=\"\" decoding=\"async\" loading=\"lazy\" rel=\"\" title=\"WhatsApp Image 2025-10-15 at 19.25.48\" style=\"margin: 0 auto; width: 49.954577591746%\" srcset=\"https:\/\/inscastelli-cha.infd.edu.ar\/sitio\/wp-content\/uploads\/2025\/10\/WhatsApp-Image-2025-10-15-at-19.25.48.jpeg 1600w, https:\/\/inscastelli-cha.infd.edu.ar\/sitio\/wp-content\/uploads\/2025\/10\/WhatsApp-Image-2025-10-15-at-19.25.48-1000x563.jpeg 1000w, https:\/\/inscastelli-cha.infd.edu.ar\/sitio\/wp-content\/uploads\/2025\/10\/WhatsApp-Image-2025-10-15-at-19.25.48-768x432.jpeg 768w, https:\/\/inscastelli-cha.infd.edu.ar\/sitio\/wp-content\/uploads\/2025\/10\/WhatsApp-Image-2025-10-15-at-19.25.48-1536x865.jpeg 1536w\" sizes=\"(max-width: 1600px) 100vw, 1600px\" \/><\/li>\n                <li style=\"display: none; width: 100%;\" class=\"slide-5077 ms-image\" aria-roledescription=\"slide\" aria-label=\"slide-5077\"><img width=\"1600\" height=\"901\" src=\"https:\/\/inscastelli-cha.infd.edu.ar\/sitio\/wp-content\/uploads\/2025\/10\/WhatsApp-Image-2025-10-15-at-19.26.18.jpeg\" class=\"slider-5052 slide-5077\" alt=\"\" decoding=\"async\" loading=\"lazy\" rel=\"\" title=\"WhatsApp Image 2025-10-15 at 19.26.18\" style=\"margin: 0 auto; width: 49.954577591746%\" srcset=\"https:\/\/inscastelli-cha.infd.edu.ar\/sitio\/wp-content\/uploads\/2025\/10\/WhatsApp-Image-2025-10-15-at-19.26.18.jpeg 1600w, https:\/\/inscastelli-cha.infd.edu.ar\/sitio\/wp-content\/uploads\/2025\/10\/WhatsApp-Image-2025-10-15-at-19.26.18-1000x563.jpeg 1000w, https:\/\/inscastelli-cha.infd.edu.ar\/sitio\/wp-content\/uploads\/2025\/10\/WhatsApp-Image-2025-10-15-at-19.26.18-768x432.jpeg 768w, https:\/\/inscastelli-cha.infd.edu.ar\/sitio\/wp-content\/uploads\/2025\/10\/WhatsApp-Image-2025-10-15-at-19.26.18-1536x865.jpeg 1536w\" sizes=\"(max-width: 1600px) 100vw, 1600px\" \/><\/li>\n            <\/ul>\n        <\/div>\n        \n    <\/div>\n<\/div><\/div>\n\n\n\n<hr class=\"wp-block-separator has-alpha-channel-opacity\"\/>\n\n\n\n<pre class=\"wp-block-verse has-text-align-right\">Y tantas emociones cobraron fuerza y se hicieron canci\u00f3n, los sentires tomaron formas de letras y sonidos en nuestro: HIMNO IES REN\u00c9 FAVALORO.\nLetra: Diego Brand\u00e1n. M\u00fasica y voz: Ismael Sarmiento.\n\nEn pocos versos, (relata su compositor), la letra del HIMNO RENE FAVALORO, est\u00e1 centrada en la idea de la justicia social; ...\"Que todas las personas tengan derecho a la formaci\u00f3n profesional, a la alfabetizaci\u00f3n acad\u00e9mica. Retoma las primeras ideas que se ten\u00edan de la escuela p\u00fablica, vista como la casa y el templo, un lugar sagrado que se cuida y se protege, porque purifica el alma, forma el car\u00e1cter, la conducta y los saberes que permiten formar al ciudadano argentino, construir el modelo de sociedad Argentina.\" Destaca tambi\u00e9n: ...\"la tiza y el pizarr\u00f3n como las herramientas b\u00e1sicas de los docentes\"<\/pre>\n\n\n\n<figure class=\"wp-block-audio\"><audio controls src=\"https:\/\/inscastelli-cha.infd.edu.ar\/sitio\/wp-content\/uploads\/2025\/10\/Cincuentenario-Ies-Sin-Poesia.mp3\"><\/audio><\/figure>\n\n\n\n<hr class=\"wp-block-separator has-alpha-channel-opacity\"\/>\n\n\n\n<figure class=\"wp-block-embed is-type-video is-provider-youtube wp-block-embed-youtube wp-embed-aspect-16-9 wp-has-aspect-ratio\"><div class=\"wp-block-embed__wrapper\">\n<iframe loading=\"lazy\" title=\"Instituto Ren\u00e9 Favaloro: 50 a\u00f1os de trayectoria educativa\" width=\"1200\" height=\"675\" src=\"https:\/\/www.youtube.com\/embed\/PB_vWImf4RQ?feature=oembed\" frameborder=\"0\" allow=\"accelerometer; autoplay; clipboard-write; encrypted-media; gyroscope; picture-in-picture; web-share\" referrerpolicy=\"strict-origin-when-cross-origin\" allowfullscreen><\/iframe>\n<\/div><figcaption class=\"wp-element-caption\">Emotivas im\u00e1genes de nuestro recorrido en 50 a\u00f1os&#8230;<\/figcaption><\/figure>\n\n\n\n<hr class=\"wp-block-separator has-alpha-channel-opacity\"\/>\n\n\n\n<pre class=\"wp-block-verse\">Nuestra historia en nuestro libro: \"MEMORIAS DE MEDIO SIGLO, EL LEGADO DEL INSTITUTO DE EDUCACI\u00d3N SUPERIOR\"<\/pre>\n\n\n\n<div class=\"wp-block-media-text alignwide is-stacked-on-mobile\"><figure class=\"wp-block-media-text__media\"><img decoding=\"async\" loading=\"lazy\" width=\"764\" height=\"747\" src=\"https:\/\/inscastelli-cha.infd.edu.ar\/sitio\/wp-content\/uploads\/2025\/10\/libro-favaloro.jpeg\" alt=\"\" class=\"wp-image-5090 size-full\"\/><\/figure><div class=\"wp-block-media-text__content\">\n<p class=\"has-text-align-left\">Memorias de medio siglo, el legado del Instituto de Educaci\u00f3n Superior<br>Memorias de medio siglo reconstruye la historia del Instituto de Educaci\u00f3n Superior Ren\u00e9 Favaloro, de Juan Jos\u00e9 Castelli, en el marco de su 50\u00b0 aniversario. A trav\u00e9s de documentos, entrevistas y fotograf\u00edas, la obra da cuenta del recorrido institucional desde su fundaci\u00f3n en 1975 hasta el presente. No solo narra los desaf\u00edos de la educaci\u00f3n superior en el Impenetrable chaque\u00f1o, sino tambi\u00e9n el compromiso colectivo de docentes, estudiantes y comunidades por sostener una propuesta educativa transformadora. Con una mirada cr\u00edtica y humana, el libro aborda momentos hist\u00f3ricos clave, como la dictadura, el retorno democr\u00e1tico, las reformas educativas y la lucha por un edificio propio. Adem\u00e1s, resalta el papel del Instituto como motor de inclusi\u00f3n, ciudadan\u00eda y desarrollo regional. Este valioso testimonio se convierte en una fuente de memoria viva y proyecci\u00f3n hacia el futuro, con la educaci\u00f3n como bandera.<\/p>\n<\/div><\/div>\n","protected":false},"excerpt":{"rendered":"<p>En emotivo acto, se destac\u00f3 el recorrido de nuestro Instituto: Entre momentos cargados de sentires, nostalgias, l\u00e1grimas y risas, festejamos la historia de nuestro querido IES Ren\u00e9 Favaloro. Repasar en el tiempo su trayectoria, es descubrir historias de vida, proyectos construidos. Medio siglo de historia, formando generaciones, cambiando futuros&#8230;1975\/2025. Y tantas emociones cobraron fuerza y &#8230; <a title=\"Festejos Bodas de Oro\" class=\"read-more\" href=\"https:\/\/inscastelli-cha.infd.edu.ar\/sitio\/festejos-bodas-de-oro\/\" aria-label=\"More on Festejos Bodas de Oro\">[+]<\/a><\/p>\n","protected":false},"author":283,"featured_media":0,"parent":0,"menu_order":0,"comment_status":"closed","ping_status":"closed","template":"","meta":[],"acf":[],"_links":{"self":[{"href":"https:\/\/inscastelli-cha.infd.edu.ar\/sitio\/wp-json\/wp\/v2\/pages\/832"}],"collection":[{"href":"https:\/\/inscastelli-cha.infd.edu.ar\/sitio\/wp-json\/wp\/v2\/pages"}],"about":[{"href":"https:\/\/inscastelli-cha.infd.edu.ar\/sitio\/wp-json\/wp\/v2\/types\/page"}],"author":[{"embeddable":true,"href":"https:\/\/inscastelli-cha.infd.edu.ar\/sitio\/wp-json\/wp\/v2\/users\/283"}],"replies":[{"embeddable":true,"href":"https:\/\/inscastelli-cha.infd.edu.ar\/sitio\/wp-json\/wp\/v2\/comments?post=832"}],"version-history":[{"count":9,"href":"https:\/\/inscastelli-cha.infd.edu.ar\/sitio\/wp-json\/wp\/v2\/pages\/832\/revisions"}],"predecessor-version":[{"id":5132,"href":"https:\/\/inscastelli-cha.infd.edu.ar\/sitio\/wp-json\/wp\/v2\/pages\/832\/revisions\/5132"}],"wp:attachment":[{"href":"https:\/\/inscastelli-cha.infd.edu.ar\/sitio\/wp-json\/wp\/v2\/media?parent=832"}],"curies":[{"name":"wp","href":"https:\/\/api.w.org\/{rel}","templated":true}]}}